 2, what is -10101001100110 + -100?
-10101001101010
In base 2, what is 1001101001 - -1?
1001101010
In base 15, what is 1609 + 0?
1609
In base 16, what is 0 - -35?
35
In base 6, what is 1 + -53?
-52
In base 12, what is -4a + 5?
-45
In base 16, what is -5d - 6?
-63
In base 4, what is -10 - -21232?
21222
In base 14, what is 1 - -a?
b
In base 6, what is 0 - 41?
-41
In base 12, what is -3 - 45?
-48
In base 8, what is 2 - -34?
36
In base 10, what is -7 - 980?
-987
In base 14, what is 2 - 10c?
-10a
In base 8, what is -53 + -14?
-67
In base 4, what is -21 + -1003?
-1030
In base 9, what is -34714 - -1?
-34713
In base 11, what is 386 + 4?
38a
In base 7, what is 355 + 26?
414
In base 6, what is -1125 - 110?
-1235
In base 9, what is 3 + 235?
238
In base 12, what is 3 + 48?
4b
In base 14, what is -1 - -3a?
39
In base 12, what is 15 - 6?
b
In base 3, what is 0 + 12?
12
In base 2, what is -110011 - 1?
-110100
In base 13, what is b0 - 7?
a6
In base 4, what is -3 - -10223?
10220
In base 11, what is -3 + -2a4?
-2a7
In base 9, what is 8 - 228?
-220
In base 5, what is 1010 + -1030?
-20
In base 16, what is -1 - 71?
-72
In base 16, what is -b1 + -1a?
-cb
In base 6, what is 2242 + -22?
2220
In base 4, what is 3 + -13002?
-12333
In base 11, what is -28 - 7?
-34
In base 15, what is 194 - -1?
195
In base 2, what is 1001011 + 1?
1001100
In base 10, what is 31 + 184?
215
In base 13, what is 0 + 1a?
1a
In base 11, what is -3 - 34?
-37
In base 9, what is 52 - -34?
86
In base 15, what is 0 - e?
-e
In base 14, what is -44 - 2?
-46
In base 7, what is -150 + 33?
-114
In base 5, what is -4043 - 0?
-4043
In base 10, what is 6 - 36?
-30
In base 6, what is -1 + 12251?
12250
In base 9, what is -4 + -50?
-54
In base 15, what is 1d2b - 1?
1d2a
In base 9, what is 34 - -7?
42
In base 10, what is 2 - -136?
138
In base 7, what is -5 + 15004?
14666
In base 6, what is 4520 - -3?
4523
In base 2, what is 10111011 - 11100?
10011111
In base 12, what is -1374 + -1?
-1375
In base 4, what is -10120 + -1?
-10121
In base 2, what is -101111000010 - 101?
-101111000111
In base 14, what is 1aba - 4?
1ab6
In base 2, what is 10101 - -100?
11001
In base 13, what is -4c - 2?
-51
In base 4, what is 223 + 111?
1000
In base 5, what is 313333 - 3?
313330
In base 10, what is 8541 - -2?
8543
In base 11, what is -126 + 10?
-116
In base 8, what is 10 + -214?
-204
In base 15, what is 47 + 0?
47
In base 10, what is -5 + -261?
-266
In base 16, what is -da - 3?
-dd
In base 9, what is 754 + 4?
758
In base 6, what is 12 + -40?
-24
In base 2, what is -1 + -10010?
-10011
In base 6, what is 0 - 244?
-244
In base 4, what is 10032 + -11?
10021
In base 11, what is -2 - 118?
-11a
In base 2, what is 101110 - -101011?
1011001
In base 16, what is 47 - -9f?
e6
In base 15, what is 185 - -7?
18c
In base 9, what is 0 + -104?
-104
In base 2, what is -10111100 - 100?
-11000000
In base 4, what is -31133 - -31?
-31102
In base 16, what is -3b - 24?
-5f
In base 6, what is 453 + 1?
454
In base 3, what is -1 - 10120?
-10121
In base 4, what is -20 + 10213?
10133
In base 8, what is 74 + -4?
70
In base 13, what is -2a28 + -2?
-2a2a
In base 14, what is -b + 222?
215
In base 9, what is -1 + 3501?
3500
In base 2, what is -1010100 - 100?
-1011000
In base 13, what is -7cc + 3?
-7c9
In base 4, what is 2 - 212230?
-212222
In base 10, what is -1 - 328?
-329
In base 4, what is -1022 + 300?
-122
In base 11, what is 11 - -29?
3a
In base 5, what is -13 + 1021?
1003
In base 6, what is -4 + 303?
255
In base 10, what is -21 + 5?
-16
In base 16, what is 1 - -292?
293
In base 14, what is -5 + -48?
-4d
In base 16, what is -52 + 2?
-50
In base 8, what is -12272 - -1?
-12271
In base 6, what is 23415 - 2?
23413
In base 12, what is -9 - b4a?
-b57
In base 9, what is 26 - 236?
-210
In base 15, what is -15 - -5?
-10
In base 4, what is -1 + 1120?
1113
In base 12, what is 4 + 188?
190
In base 11, what is 1 + -10a?
-109
In base 3, what is 121211 + 0?
121211
In base 5, what is 42 - 4213?
-4121
In base 16, what is 5 - d6?
-d1
In base 3, what is 0 + -101222?
-101222
In base 8, what is -376 + -36?
-434
In base 10, what is 14 - 0?
14
In base 4, what is 1231 + 20?
1311
In base 12, what is 10 - -66?
76
In base 9, what is 3 + -187?
-184
In base 9, what is -17 + -171?
-188
In base 8, what is 0 + -4731?
-4731
In base 7, what is -3 - -132?
126
In base 14, what is -29 + 3?
-26
In base 8, what is -461 - -41?
-420
In base 8, what is -4 - -234?
230
In base 16, what is -1 + 19a?
199
In base 14, what is 1 + 31?
32
In base 11, what is 125 + 14?
139
In base 11, what is 1 - -1543?
1544
In base 4, what is 0 - -22023?
22023
In base 13, what is -5 - 37?
-3c
In base 16, what is -15e - -1?
-15d
In base 15, what is -1 + 73?
72
In base 16, what is 53f - 4?
53b
In base 14, what is 6 + 1d4?
1da
In base 2, what is 100011100 + 0?
100011100
In base 10, what is -2 + -116?
-118
In base 13, what is 47 - -5?
4c
In base 5, what is -231 - 34?
-320
In base 2, what is -1010011101 + 0?
-1010011101
In base 5, what is 2 + 14331?
14333
In base 8, what is -774 + 1?
-773
In base 5, what is -112004 + -1?
-112010
In base 3, what is 11210 + 1210?
20120
In base 9, what is 45 - 5?
40
In base 9, what is -110 + -1?
-111
In base 11, what is 7 - -5?
11
In base 12, what is 22 - -62?
84
In base 2, what is -100 - 100010111111?
-100011000011
In base 14, what is 21 + -bc?
-9b
In base 3, what is -1000 - 2220?
-10220
In base 11, what is -4 - -1aa?
1a6
In base 16, what is -12 + 1a?
8
In base 6, what is 5 + -100?
-51
In base 7, what is -2006 - -11?
-1665
In base 13, what is -5 - -39?
34
In base 5, what is -1 - -3?
2
In base 12, what is 3 + 920?
923
In base 2, what is 11111 - 1000?
10111
In base 4, what is 3 + 221223?
221232
In base 7, what is -6645 - -1?
-6644
In base 4, what is 2 - -212022?
212030
In base 10, what is 5 + 28?
33
In base 8, what is -74 - -21?
-53
In base 7, what is 2 + -22?
-20
In base 15, what is a - -3?
d
In base 10, what is -886 + 3?
-883
In base 2, what is 110001010001 + 1?
110001010010
In base 3, what is 0 - 2022?
-2022
In base 13, what is 66 + 7?
70
In base 5, what is 223442 - -1?
223443
In base 9, what is 61 - 5?
55
In base 11, what is -152 - -4?
-149
In base 3, what is -11 - 0?
-11
In base 8, what is 2 + -214?
-212
In base 6, what is -1155 - 3?
-1202
In base 2, what is 101 + -1001100?
-1000111
In base 14, what is 79 + 142?
1bb
In base 13, what is 0 - -278?
278
In base 13, what is 2 + -241?
-23c
In base 4, what is 203 + 1020?
1223
In base 9, what is -653 - -10?
-643
In base 5, what is -231 + -12?
-243
In base 12, what is 934 + -3?
931
In base 16, what is 16 - 2?
14
In base 15, what is 42 - 8?
39
In base 13, what is 50 + 10?
60
In base 3, what is 1 + -2112022?
-2112021
In base 12, what is 0 + -4a5?
-4a5
In base 7, what is 25 + -502?
-444
In base 10, what is 520 - 11?
509
In base 16, what is b + -1c?
-11
In base 3, what is 122 - 2211?
-2012
In base 14, what is -21 + 2?
-1d
In base 5, what is -14204 - -3?
-14201
In base 9, what is -22 + 485?
463
In base 5, what is -2 - 11034?
-11041
In base 12, what is 13b + -9?
132
In base 9, what is -166 + 118?
-47
In base 2, what is 100000010101 + 10?
100000010111
In base 16, what is 4 - ca?
-c6
In base 7, what is -1133 + 2?
-1131
In base 12, what is -15 - 4?
-19
In base 11, what is -11 - 92?
-a3
In base 7, what is 160 - -2?
162
In base 8, what is 23 + 157?
202
In base 6, what is -5 - 3414?
-3423
In base 14, what is 10 + 35?
45
In base 7, what is -4 + -11?
-15
In base 10, what is -121 + -138?
-259
In base 15, what is 7a + -2?
78
In base 6, what is -353 - -33?
-320
In base 2, what is 1100001000 + 1?
1100001001
In base 2, what is -10 + -100100010?
-100100100
In base 14, what is -9c - -23?
-79
In base 7, what is -5 - -146?
141
In base 13, what is 4 + -191?
-18a
In base 4, what is 101 - 23?
12
In base 6, what is 3 - 354?
-351
In base 7, what is -4 + 1550?
1543
In base 11, what is 253 - -3?
256
In base 3, what is 220 + 1011?
2001
In base 3, what is -2022 - -1020?
-1002
In base 15, what is 58bc - 1?
58bb
In base 3, what is -22 + -121?
-220
In base 16, what is -cc + 2?
-ca
In base 11, what is -5 - 134?
-139
In base 5, what is 33 + -24?
4
In base 11, what is -30 + 54?
24
In base 2, what is 100001 + -11?
11110
In base 9, what is 38 + -13?
25
In base 5, what is 44031 - -4?
44040
In b